[INFO] fetching crate rangeinfo 0.1.1...
[INFO] checking rangeinfo-0.1.1 against try#72f88fc4e9458f89516a0b8b0868f3718aec5b47 for pr-74989
[INFO] extracting crate rangeinfo 0.1.1 into /workspace/builds/worker-6/source
[INFO] validating manifest of crates.io crate rangeinfo 0.1.1 on toolchain 72f88fc4e9458f89516a0b8b0868f3718aec5b47
[INFO] running `Command { std: "/workspace/cargo-home/bin/cargo" "+72f88fc4e9458f89516a0b8b0868f3718aec5b47" "read-manifest" "--manifest-path" "Cargo.toml", kill_on_drop: false }`
[INFO] started tweaking crates.io crate rangeinfo 0.1.1
[INFO] finished tweaking crates.io crate rangeinfo 0.1.1
[INFO] tweaked toml for crates.io crate rangeinfo 0.1.1 written to /workspace/builds/worker-6/source/Cargo.toml
[INFO] running `Command { std: "/workspace/cargo-home/bin/cargo" "+72f88fc4e9458f89516a0b8b0868f3718aec5b47" "generate-lockfile" "--manifest-path" "Cargo.toml" "-Zno-index-update", kill_on_drop: false }`
[INFO] [stderr]     Blocking waiting for file lock on package cache
[INFO] running `Command { std: "/workspace/cargo-home/bin/cargo" "+72f88fc4e9458f89516a0b8b0868f3718aec5b47" "fetch" "--locked" "--manifest-path" "Cargo.toml", kill_on_drop: false }`
[INFO] running `Command { std: "docker" "create" "-v" "/var/lib/crater-agent-workspace/builds/worker-6/target:/opt/rustwide/target:rw,Z" "-v" "/var/lib/crater-agent-workspace/builds/worker-6/source:/opt/rustwide/workdir:ro,Z" "-v" "/var/lib/crater-agent-workspace/cargo-home:/opt/rustwide/cargo-home:ro,Z" "-v" "/var/lib/crater-agent-workspace/rustup-home:/opt/rustwide/rustup-home:ro,Z" "-e" "SOURCE_DIR=/opt/rustwide/workdir" "-e" "CARGO_TARGET_DIR=/opt/rustwide/target" "-e" "CARGO_HOME=/opt/rustwide/cargo-home" "-e" "RUSTUP_HOME=/opt/rustwide/rustup-home" "-w" "/opt/rustwide/workdir" "-m" "1610612736" "--user" "0:0" "--network" "none" "rustops/crates-build-env@sha256:d92eaeed33fa75130ca1ee6c8a01d1ffb62bac859dfdfb3450e3e5d1c0146529" "/opt/rustwide/cargo-home/bin/cargo" "+72f88fc4e9458f89516a0b8b0868f3718aec5b47" "metadata" "--no-deps" "--format-version=1", kill_on_drop: false }`
[INFO] [stderr] WARNING: Your kernel does not support swap limit capabilities or the cgroup is not mounted. Memory limited without swap.
[INFO] [stdout] 24eed769b8eb335a839a619ba6c81b31a2bca3d3100a83afab028a86cef9b200
[INFO] running `Command { std: "docker" "start" "-a" "24eed769b8eb335a839a619ba6c81b31a2bca3d3100a83afab028a86cef9b200", kill_on_drop: false }`
[INFO] running `Command { std: "docker" "inspect" "24eed769b8eb335a839a619ba6c81b31a2bca3d3100a83afab028a86cef9b200", kill_on_drop: false }`
[INFO] running `Command { std: "docker" "rm" "-f" "24eed769b8eb335a839a619ba6c81b31a2bca3d3100a83afab028a86cef9b200", kill_on_drop: false }`
[INFO] [stdout] 24eed769b8eb335a839a619ba6c81b31a2bca3d3100a83afab028a86cef9b200
[INFO] running `Command { std: "docker" "create" "-v" "/var/lib/crater-agent-workspace/builds/worker-6/target:/opt/rustwide/target:rw,Z" "-v" "/var/lib/crater-agent-workspace/builds/worker-6/source:/opt/rustwide/workdir:ro,Z" "-v" "/var/lib/crater-agent-workspace/cargo-home:/opt/rustwide/cargo-home:ro,Z" "-v" "/var/lib/crater-agent-workspace/rustup-home:/opt/rustwide/rustup-home:ro,Z" "-e" "SOURCE_DIR=/opt/rustwide/workdir" "-e" "CARGO_TARGET_DIR=/opt/rustwide/target" "-e" "CARGO_INCREMENTAL=0" "-e" "RUST_BACKTRACE=full" "-e" "RUSTFLAGS=--cap-lints=forbid" "-e" "CARGO_HOME=/opt/rustwide/cargo-home" "-e" "RUSTUP_HOME=/opt/rustwide/rustup-home" "-w" "/opt/rustwide/workdir" "-m" "1610612736" "--user" "0:0" "--network" "none" "rustops/crates-build-env@sha256:d92eaeed33fa75130ca1ee6c8a01d1ffb62bac859dfdfb3450e3e5d1c0146529" "/opt/rustwide/cargo-home/bin/cargo" "+72f88fc4e9458f89516a0b8b0868f3718aec5b47" "check" "--frozen" "--all" "--all-targets" "--message-format=json", kill_on_drop: false }`
[INFO] [stdout] f180535e3a0f92f77c950f4bed8360c70d42321d2a4164d5d64c995fd1f220d2
[INFO] [stderr] WARNING: Your kernel does not support swap limit capabilities or the cgroup is not mounted. Memory limited without swap.
[INFO] running `Command { std: "docker" "start" "-a" "f180535e3a0f92f77c950f4bed8360c70d42321d2a4164d5d64c995fd1f220d2", kill_on_drop: false }`
[INFO] [stderr]     Blocking waiting for file lock on package cache
[INFO] [stderr]     Checking rangeinfo v0.1.1 (/opt/rustwide/workdir)
[INFO] [stdout] error: unexpected token: `...`
[INFO] [stdout]   --> src/lib.rs:72:65
[INFO] [stdout]    |
[INFO] [stdout] 72 |     assert_eq!(RangeInfo { start: Closed(1), end: Closed(2) },(1...2).to_rangeinfo() );
[INFO] [stdout]    |                                                                 ^^^
[INFO] [stdout]    |
[INFO] [stdout] help: use `..` for an exclusive range
[INFO] [stdout]    |
[INFO] [stdout] 72 |     assert_eq!(RangeInfo { start: Closed(1), end: Closed(2) },(1..2).to_rangeinfo() );
[INFO] [stdout]    |                                                                 ^^
[INFO] [stdout] help: or `..=` for an inclusive range
[INFO] [stdout]    |
[INFO] [stdout] 72 |     assert_eq!(RangeInfo { start: Closed(1), end: Closed(2) },(1..=2).to_rangeinfo() );
[INFO] [stdout]    |                                                                 ^^^
[INFO] [stdout] 
[INFO] [stdout] 
[INFO] [stdout] error: unexpected token: `...`
[INFO] [stdout]   --> src/lib.rs:73:59
[INFO] [stdout]    |
[INFO] [stdout] 73 |     assert_eq!(RangeInfo { start: Inf, end: Closed(2) },( ...2).to_rangeinfo() );
[INFO] [stdout]    |                                                           ^^^
[INFO] [stdout]    |
[INFO] [stdout] help: use `..` for an exclusive range
[INFO] [stdout]    |
[INFO] [stdout] 73 |     assert_eq!(RangeInfo { start: Inf, end: Closed(2) },( ..2).to_rangeinfo() );
[INFO] [stdout]    |                                                           ^^
[INFO] [stdout] help: or `..=` for an inclusive range
[INFO] [stdout]    |
[INFO] [stdout] 73 |     assert_eq!(RangeInfo { start: Inf, end: Closed(2) },( ..=2).to_rangeinfo() );
[INFO] [stdout]    |                                                           ^^^
[INFO] [stdout] 
[INFO] [stdout] 
[INFO] [stderr] error: could not compile `rangeinfo`.
[INFO] [stdout] error[E0616]: field `start` of struct `RangeInclusive` is private
[INFO] [stdout]   --> src/lib.rs:53:31
[INFO] [stdout]    |
[INFO] [stdout] 53 |             start:Closed(self.start.clone()),
[INFO] [stdout]    |                               ^^^^^ private field
[INFO] [stdout]    |
[INFO] [stdout] help: a method `start` also exists, call it with parentheses
[INFO] [stdout]    |
[INFO] [stdout] 53 |             start:Closed(self.start().clone()),
[INFO] [stdout]    |                                    ^^
[INFO] [stdout] 
[INFO] [stdout] 
[INFO] [stderr] 
[INFO] [stdout] error[E0616]: field `end` of struct `RangeInclusive` is private
[INFO] [stdout]   --> src/lib.rs:54:29
[INFO] [stdout]    |
[INFO] [stdout] 54 |             end:Closed(self.end.clone()),
[INFO] [stdout]    |                             ^^^ private field
[INFO] [stdout]    |
[INFO] [stdout] help: a method `end` also exists, call it with parentheses
[INFO] [stdout]    |
[INFO] [stdout] 54 |             end:Closed(self.end().clone()),
[INFO] [stdout]    |                                ^^
[INFO] [stdout] 
[INFO] [stdout] 
[INFO] [stderr] To learn more, run the command again with --verbose.
[INFO] [stdout] error: aborting due to 2 previous errors
[INFO] [stdout] 
[INFO] [stdout] 
[INFO] [stderr] warning: build failed, waiting for other jobs to finish...
[INFO] [stdout] For more information about this error, try `rustc --explain E0616`.
[INFO] [stdout] 
[INFO] [stdout] error[E0616]: field `start` of struct `RangeInclusive` is private
[INFO] [stdout]   --> src/lib.rs:53:31
[INFO] [stdout]    |
[INFO] [stdout] 53 |             start:Closed(self.start.clone()),
[INFO] [stdout]    |                               ^^^^^ private field
[INFO] [stdout]    |
[INFO] [stdout] help: a method `start` also exists, call it with parentheses
[INFO] [stdout]    |
[INFO] [stdout] 53 |             start:Closed(self.start().clone()),
[INFO] [stdout]    |                                    ^^
[INFO] [stdout] 
[INFO] [stdout] 
[INFO] [stdout] error[E0616]: field `end` of struct `RangeInclusive` is private
[INFO] [stdout]   --> src/lib.rs:54:29
[INFO] [stdout]    |
[INFO] [stdout] 54 |             end:Closed(self.end.clone()),
[INFO] [stdout]    |                             ^^^ private field
[INFO] [stdout]    |
[INFO] [stdout] help: a method `end` also exists, call it with parentheses
[INFO] [stdout]    |
[INFO] [stdout] 54 |             end:Closed(self.end().clone()),
[INFO] [stdout]    |                                ^^
[INFO] [stdout] 
[INFO] [stdout] 
[INFO] [stdout] error: aborting due to 4 previous errors
[INFO] [stdout] 
[INFO] [stdout] 
[INFO] [stdout] For more information about this error, try `rustc --explain E0616`.
[INFO] [stdout] 
[INFO] [stderr] error: build failed
[INFO] running `Command { std: "docker" "inspect" "f180535e3a0f92f77c950f4bed8360c70d42321d2a4164d5d64c995fd1f220d2", kill_on_drop: false }`
[INFO] running `Command { std: "docker" "rm" "-f" "f180535e3a0f92f77c950f4bed8360c70d42321d2a4164d5d64c995fd1f220d2", kill_on_drop: false }`
[INFO] [stdout] f180535e3a0f92f77c950f4bed8360c70d42321d2a4164d5d64c995fd1f220d2
